Determine y(b).
-6
Let f(h) = h**2 - 6*h - 7. Let i be (-1)/(-7) + 141/(-7). Let z be (-12)/3*35/i. Give f(z).
0
Let d(r) be the first derivative of r**3 + r**2/2 - 47. Determine d(-2).
10
Let o(d) = 4*d**2 - 1. Let k = 163 - 164. What is o(k)?
3
Suppose -2*x + 4*x = 2*v - 4, 3*x + 2 = 4*v. Suppose 5*p + 13 = 8. Let y(t) = 7*t + 5. Let b(n) = -n - 1. Let u(l) = p*y(l) + x*b(l). Determine u(1).
0
Let l(w) = -5*w - 6. Let u(q) = -4*q - 5. Let i(m) = -2*l(m) + 3*u(m). Suppose 3*x - 1 = -7. Calculate i(x).
1
Let v(f) = -f**2 + 2*f. Let m = 34 + -34. Let d = 6 - 4. Let l = m + d. What is v(l)?
0
Let o(w) = w**2 - 4*w + 2. Let t(d) = d**2 - 3*d + 1. Let n(k) = -5*o(k) + 4*t(k). Give n(8).
-6
Suppose -3*y - 2*o + 4 = -10, -y = o - 6. Let a(l) be the first derivative of -4*l + y - 1/2*l**2 + 1/3*l**3. What is a(0)?
-4
Let x(u) = 0*u**2 - u**2 + 3*u - 7*u. What is x(-5)?
-5
Let s(j) = -j**2 - j + 2. Suppose 12 = 2*v + 2*v. Determine s(v).
-10
Let f = 24 - 21. Let g(c) = c**2 - 4*c. What is g(f)?
-3
Suppose -z = 3*z - 16. Let s(h) be the third derivative of -1/30*h**5 + h**2 + 0*h**z + 0*h + 0 + 1/6*h**3. What is s(-1)?
-1
Let n(r) = -1 - 3 - 2 + r**2 + 4. What is n(0)?
-2
Let s(m) = -m**2 - 5*m + 2. Let x = 7 + -5. Let w(j) = -2 + 1 + x*j + 3. Let l be w(-3). Determine s(l).
6
Let o(q) = -q**2 - 5*q + 6. Suppose 7*s + 46 - 4 = 0. Determine o(s).
0
Suppose -1 = 5*b - 3*f - 16, 4*b + 4*f = -20. Let l(j) = -j**2 + j + 3. Determine l(b).
3
Let o = -22 + -4. Let v = o + 31. Let w(f) = f - 2 + 2. Calculate w(v).
5
Let m(r) = -r - 7. Let q be m(-9). Let z be (-4)/q - (-3 + -1). Let c(u) be the second derivative of -u**4/12 - u**3/3 + 3*u**2/2 + u. Give c(z).
-5
Let d(y) be the third derivative of y**4/12 + y**3/6 + 6*y**2. Let x = 1 - 2. Give d(x).
-1
Let a(h) = -4*h - 1. Let z(g) = g + 1. Let b(f) = -a(f) - 5*z(f). Calculate b(5).
-9
Let f(z) = -z**3 + z. Let p(x) = 3*x**3 + 6*x**2 - x + 6. Let k(m) = -2*f(m) - p(m). Suppose -11 = 3*b + 7. Determine k(b).
0
Let u(f) be the second derivative of f**4/12 - f**3/6 - 2*f**2 - f. Let g = 5 - 2. Suppose g*b + 7 = -2. Determine u(b).
8
Let f be ((-70)/(-28))/((-1)/(-2)). Suppose 0*t + 4*t = 20. Let b(v) = 4 + t*v + v - f*v. Give b(0).
4
Let p(u) be the third derivative of u**6/360 - u**5/120 - u**4/12 - u**2. Let z(a) be the second derivative of p(a). Give z(2).
3
Let m(x) = -x**2 - 8. Suppose -5*q + 7 = 2*f - 14, 0 = -5*q + 5*f + 35. Suppose 3*g = g + 8. Suppose 0 = -q*y + h + 3*h - 16, g*h = 16. Give m(y).
-8
Let y(m) = -1 + 3 + 0 - 3 - m. Let o(b) = 4*b + 8. Let r be (-2)/8 + 33/4. Let x(g) = r*y(g) + o(g). Give x(-1).
4
Let f(n) = -7 + 2*n + 7. Let m be f(-1). Let w(q) = -q**3 - q**2 + 2*q + 3. What is w(m)?
3
Let z(c) = c**3 + 6*c**2 + 5*c - 2. Let f be z(-5). Let k be (4/12)/(f/(-30)). Let p(x) be the second derivative of x**3/6 - x**2 + 2*x. Calculate p(k).
3
Let y(a) = -2*a - 4. Let m(z) = z**3 - 8*z**2 + 13*z - 9. Let h be m(6). Give y(h).
2
Let o(y) = -y**2 - 2*y + 30. Let r be o(5). Let m(j) = -j**2 - 3*j + 1. Calculate m(r).
-9
Let t(w) = 6 - 5 - 2 - 3*w. Let k be (-16)/(-32)*4/(-2). What is t(k)?
2
Let j(a) = a**3 - a**2 - 3*a - 1. Suppose 2*s + 1 + 3 = 0. Determine j(s).
-7
Suppose 0 = 2*y - 2*j + 4, -2*j + 6 - 2 = 2*y. Suppose 5*b + 15 = y, z - 2*b - b - 14 = 0. Let l = z - 6. Let s(r) = r - 1. What is s(l)?
-2
Let i(l) = 8 + l + 3*l - l - 4*l. Calculate i(6).
2
Let v(p) = 3*p**2 - 3*p - 7. Let f(h) = -10*h**2 + 10*h + 21. Let l(s) = -2*f(s) - 7*v(s). Give l(0).
7
Let y(t) = -16*t - 101. Let j be y(-6). Let f(x) = 10*x - 5*x - 2 + 3*x**2 - 2*x**2. What is f(j)?
-2
Let i = -139 + 139. Let c(k) be the first derivative of -k**3/6 - 7*k**2/2 - k - 1. Let g(u) be the first derivative of c(u). What is g(i)?
-7
Let r(x) = -x**3 - 7*x**2 + 9*x - 5. Let i(h) = -3*h**3 - 14*h**2 + 19*h - 11. Let o(q) = 2*i(q) - 5*r(q). Let n = -18 + 24. Calculate o(n).
-3
Let l(z) = z**2 - 12*z - 17. Let q be l(13). Let p(i) = -6 + 3 + 2 + i**2 + 4*i. Give p(q).
-1
Let u(z) be the first derivative of -3*z - 3/2*z**2 - 4. Calculate u(-3).
6
Suppose 16 = -0*b + 2*b. Let a = b - 7. Let m(h) = 6*h. What is m(a)?
6
Let j(b) = -2*b + 0*b + 14 - 18. Let l(s) be the second derivative of s**5/20 - s**4/6 - s**3/2 - 3*s**2/2 + s. Let n be l(3). Determine j(n).
2
Let m(v) = 4*v - 5. Let l(d) = 5*d - 6. Let t(q) = 5*l(q) - 6*m(q). Let n = 17 - 11. Suppose 0 = -i - i + n. Calculate t(i).
3
Let m = 6 - 4. Suppose -2*b - 2 = t, -3*t + 2*b + 26 = 2*t. Let l = t - m. Let y(n) = -n**2 - 1. Determine y(l).
-5
Let l be -10 - -5 - 4 - -2. Let y(c) = -c**2 - 6*c + 9. What is y(l)?
2
Let m(k) be the second derivative of k**4/12 + k**2/2 + 14*k. Determine m(3).
10
Let b(x) = -x + 1. Let p(t) = -t. Let v(o) = 3*b(o) - 2*p(o). Let y(a) = -a**3 + 3*a**2 + 12*a - 7. Let c be y(5). Calculate v(c).
0
Let u(c) = 4*c + 5. Let o be (-12)/(-42) - (-2 + 44/7). Give u(o).
-11
Let n(a) = a**2 - 5*a - 6. Suppose x + 3*h = h + 4, 4*h = 5*x - 34. What is n(x)?
0
Let a = 9 + -5. Let j be a/6*72/(-16). Let o(u) be the third derivative of -u**5/60 - 5*u**4/24 - 2*u**3/3 + u**2. Give o(j).
2
Let p(a) be the first derivative of -a**2 - 3*a + 1. Let s = 12 - 8. What is p(s)?
-11
Let x(d) = d**2 - 5*d + 4. Let f(s) = s**2 - 5*s - 3. Let g be f(6). Suppose 0 = g*i - 6*i + 15. What is x(i)?
4
Let o(z) = -6*z**2. Let v(g) = -g**2 + 9*g + 2. Let t(m) = 6*m - 3. Let x be t(2). Let y be v(x). Suppose -3*w - y*w - 30 = -5*p, -4*p + 19 = w. What is o(w)?
-6
Let q(h) = -5*h**2 - 6*h - 5. Let y = -4 + 3. Let b(i) = -i**2. Let g(m) = y*q(m) + 4*b(m). Suppose t - 5*l = -3*t - 16, 3*t + 12 = l. Give g(t).
-3
Suppose -2*v = -4*y - 6, -1 - 4 = v. Suppose 0 = k + n + 1, -k - 2*n = 3 + 3. Let m(b) = 0 + 5*b**2 + 6*b - k*b**2 + 2. Give m(y).
-6
Let b(m) = -8*m + 0*m + 4*m. Give b(-4).
16
Let v(l) be the third derivative of l**7/840 - l**6/180 - l**5/30 + l**4/12 + 2*l**3/3 - 6*l**2. Let c(j) be the first derivative of v(j). Give c(3).
-1
Let u be (-27)/12*(-4)/3. Let n(f) = 2*f + 6*f**2 - f**u - f + 5 - f. What is n(6)?
5
Suppose -4 = -5*x + 6. Let g(c) = -c**x + c**2 + c**2. Let b be (-1)/3*(-3)/(-1). Calculate g(b).
1
Let p(b) = -b**3 - 6*b**2 - 4*b + 5. Let a be p(-5). Let y(z) = 0*z**3 - 7 - 4 + 2*z - z - z**3. What is y(a)?
-11
Let q(y) be the second derivative of 0 - 5/6*y**3 - 1/2*y**4 - 3*y**2 - 3*y - 1/20*y**5. Let o be (1 + (-3)/(-2))*-2. Give q(o).
-6
Let g(i) be the third derivative of -i**4/6 + i**3/6 - i**2. Suppose 0*c = 4*c - 20. Suppose 0 = -c*n - 2 - 3. Give g(n).
5
Let a = 4 - 2. Let y(b) = 1 + b + 0*b - a*b + b**2. Suppose 4*r + 3 + 5 = 0. Calculate y(r).
7
Let m(q) = -q. Let x(w) = w**3 + 6*w**2 - 5*w + 3. Let j(i) = -4*m(i) + x(i). Let d(b) = b**2 - 8*b + 1. Let h be d(7). What is j(h)?
9
Suppose -28 - 35 = -3*x. Let p = x - 28. Let o(a) = -a**2 - 8*a - 7. Determine o(p).
0
Let m = 2 - 6. Let c(j) be the second derivative of -j**4/12 - j**3/2 + 3*j**2/2 + j. Let g(a) be the first derivative of c(a). Give g(m).
5
Let q(g) = g**3 - 4*g**2 - 6*g + 3. Suppose 4*m + 35 = -m. Let s = m - -11. Suppose s*v = 10 + 10. What is q(v)?
-2
Suppose z + 13 = 3*h - h, -2*z = 4*h - 30. Let a(m) = h - 1 - 2*m + 0. Let k = -1 - -6. What is a(k)?
-4
Let h(x) = -3*x + 3 - x + 2*x + 3*x. Give h(-4).
-1
Let o(d) = d**3 - d**2 - 1. Let h(c) = -2*c**2 - 5*c - 3. Let m be h(-2). Let j(r) = 3*r**3 - 9*r**2 + 8*r + 3. Let t(i) = m*j(i) + 4*o(i). What is t(-6)?
5
Let x be 3/4*2*-4. Let t be (-6)/(3/x - 1). Let b(s) = -s + 3*s - t - 5*s. Determine b(-4).
8
Let r(d) = -2*d - 2. Let y be r(-4). Let v = 8 - y. Let b(t) = -3 - 2*t**2 + 4 + t - 3*t**v - 2. Calculate b(1).
-5
Let o(u) = -14*u**2 - 201 + 192 + 5*u + 4*u. Let w(x) = 3 - 3*x + 3*x**2 + 2*x**2 + 0. Let i(k) = 6*o(k) + 17*w(k). Give i(-4).
1
Let t(m) be the first derivative of 5*m**2/2 - m + 9. Let o(d) = d - 7. Let c be o(5). Give t(c).
-11
Let u(d) = -d**2 + 6*d - 4. Let i be 3 + 2 + 8/(-4). Give u(i).
5
Let g(u) = 50 - 4*u - 22 - 25 - 3*u + u**2. What is g(8)?
11
Let a be ((-3)/4)/((-5)/(-20)). Let y(x) = -2*x - 4. Determine y(a).
2
Suppose -7 = z - 3*s + 7*s, -3*z + s = -18. Let l(v) = 3 - 3*v + 1 - z + 4. Determine l(-4).
15
Let n(w) = 2*w + 2. Let r(m) = -m + 3. Let k(v) = 38*v + 1. Let b be k(1). Suppose -2*h - 3*a + 0 = 3, 4*h - 3*